 digit of 30918797?
7
What is the tens digit of 21150761?
6
What is the ten thousands digit of 26577861?
7
What is the ten thousands digit of 2961230181?
3
What is the ten millions digit of 1032407348?
3
What is the hundreds digit of 56419464?
4
What is the ten thousands digit of 1092441981?
4
What is the ten millions digit of 270601124?
7
What is the tens digit of 135755390?
9
What is the hundreds digit of 200902278?
2
What is the millions digit of 421189496?
1
What is the millions digit of 34237601?
4
What is the ten thousands digit of 200260201?
6
What is the tens digit of 370952924?
2
What is the thousands digit of 12409631?
9
What is the hundreds digit of 614682268?
2
What is the units digit of 1338907574?
4
What is the hundred millions digit of 104153250?
1
What is the ten thousands digit of 461739634?
3
What is the hundred thousands digit of 170591795?
5
What is the millions digit of 2919288413?
9
What is the thousands digit of 21071396?
1
What is the millions digit of 31823680?
1
What is the units digit of 144667943?
3
What is the millions digit of 72819653?
2
What is the hundred thousands digit of 358731921?
7
What is the ten thousands digit of 9104023293?
2
What is the ten thousands digit of 905902913?
0
What is the tens digit of 1986422536?
3
What is the ten millions digit of 4757510311?
5
What is the ten thousands digit of 148207678?
0
What is the units digit of 198270787?
7
What is the ten thousands digit of 184385145?
8
What is the tens digit of 37911940?
4
What is the hundred thousands digit of 1094623144?
6
What is the hundred thousands digit of 2268913233?
9
What is the millions digit of 5259755683?
9
What is the hundred millions digit of 1597905889?
5
What is the millions digit of 596133050?
6
What is the hundred millions digit of 872628301?
8
What is the hundreds digit of 56119437?
4
What is the hundred thousands digit of 2310646351?
6
What is the billions digit of 5744219055?
5
What is the thousands digit of 3188769299?
9
What is the millions digit of 39416373?
9
What is the hundred thousands digit of 506491228?
4
What is the thousands digit of 156202951?
2
What is the tens digit of 27827098?
9
What is the ten thousands digit of 611009904?
0
What is the units digit of 2927560491?
1
What is the ten thousands digit of 262669902?
6
What is the ten thousands digit of 285139176?
3
What is the tens digit of 495223621?
2
What is the units digit of 115470667?
7
What is the ten millions digit of 436214082?
3
What is the hundreds digit of 8060601945?
9
What is the units digit of 199414634?
4
What is the thousands digit of 24480835?
0
What is the ten thousands digit of 118316527?
1
What is the ten millions digit of 28128269?
2
What is the tens digit of 749901238?
3
What is the ten millions digit of 14875153?
1
What is the ten millions digit of 137770197?
3
What is the hundreds digit of 151950647?
6
What is the ten thousands digit of 29081715?
8
What is the thousands digit of 102998638?
8
What is the millions digit of 92864948?
2
What is the thousands digit of 45154081?
4
What is the tens digit of 87379670?
7
What is the ten millions digit of 952114052?
5
What is the units digit of 630197297?
7
What is the thousands digit of 273690664?
0
What is the units digit of 43696713?
3
What is the tens digit of 37199775?
7
What is the tens digit of 69386287?
8
What is the ten thousands digit of 72766361?
6
What is the billions digit of 4389512112?
4
What is the hundreds digit of 3924747008?
0
What is the tens digit of 5346127947?
4
What is the ten millions digit of 132701294?
3
What is the units digit of 2160653809?
9
What is the ten thousands digit of 3798559228?
5
What is the hundreds digit of 107732365?
3
What is the ten millions digit of 357137173?
5
What is the billions digit of 3905605707?
3
What is the ten millions digit of 37645779?
3
What is the hundreds digit of 28851910?
9
What is the ten millions digit of 38511437?
3
What is the tens digit of 2326562314?
1
What is the millions digit of 16289729?
6
What is the hundred thousands digit of 6289875?
2
What is the millions digit of 4426861366?
6
What is the hundred millions digit of 155842846?
1
What is the tens digit of 48555801?
0
What is the ten millions digit of 144987851?
4
What is the units digit of 93385761?
1
What is the hundreds digit of 28137921?
9
What is the millions digit of 15372701?
5
What is the thousands digit of 144947412?
7
What is the millions digit of 95866085?
5
What is the units digit of 497971108?
8
What is the hundred millions digit of 112395563?
1
What is the millions digit of 2688626234?
8
What is the tens digit of 307223227?
2
What is the units digit of 1316482407?
7
What is the ten millions digit of 175767345?
7
What is the millions digit of 679651921?
9
What is the thousands digit of 106302601?
2
What is the millions digit of 24897271?
4
What is the hundred thousands digit of 35209236?
2
What is the ten millions digit of 86147056?
8
What is the units digit of 3128414294?
4
What is the ten millions digit of 10773506?
1
What is the thousands digit of 80669644?
9
What is the tens digit of 316725739?
3
What is the ten millions digit of 1274424230?
7
What is the hundreds digit of 102120370?
3
What is the thousands digit of 152800024?
0
What is the thousands digit of 501162600?
2
What is the hundred thousands digit of 92729716?
7
What is the ten millions digit of 82664152?
8
What is the ten millions digit of 218902736?
1
What is the hundred thousands digit of 92578117?
5
What is the millions digit of 5199144483?
9
What is the hundreds digit of 2731910118?
1
What is the hundreds digit of 61016037?
0
What is the hundreds digit of 374658558?
5
What is the ten thousands digit of 6246703?
4
What is the units digit of 8118759261?
1
What is the hundreds digit of 75382799?
7
What is the ten thousands digit of 313748607?
4
What is the ten thousands digit of 285041856?
4
What is the thousands digit of 184071560?
1
What is the hundreds digit of 120009257?
2
What is the hundred millions digit of 429403324?
4
What is the units digit of 549945541?
1
What is the hundred millions digit of 262990602?
2
What is the hundred thousands digit of 486335053?
3
What is the ten thousands digit of 737572258?
7
What is the ten thousands digit of 163722277?
2
What is the hundreds digit of 3934548200?
2
What is the ten millions digit of 1450215995?
5
What is the hundred millions digit of 138312865?
1
What is the ten millions digit of 121401195?
2
What is the hundred thousands digit of 946343507?
3
What is the units digit of 164457509?
9
What is the units digit of 82713756?
6
What is the tens digit of 436727407?
0
What is the units digit of 506096824?
4
What is the hundreds digit of 932235449?
4
What is the ten thousands digit of 62378324?
7
What is the ten millions digit of 36297619?
3
What is the tens digit of 3575425222?
2
What is the units digit of 3258150740?
0
What is the thousands digit of 157370321?
0
What is the ten millions digit of 45142877?
4
What is the ten millions digit of 1545208472?
4
What is the hundred thousands digit of 789132371?
1
What is the thousands digit of 39955216?
5
What is the millions digit of 196467911?
6
What is the ten millions digit of 13123339?
1
What is the tens digit of 118717286?
8
What is the ten thousands digit of 2128006747?
0
What is the billions digit of 1552123518?
1
What is the hundred millions digit of 534647255?
5
What is the millions digit of 69440079?
9
What is the ten millions digit of 15523320?
1
What is the hundred millions digit of 7295768775?
2
What is the hundred millions digit of 946722226?
9
What is the units digit of 609519?
9
What is the hundred thousands digit of 36815932?
8
What is the units digit of 5343948410?
0
What is the units digit of 323873280?
0
What is the billions digit of 9283575487?
9
What is the tens digit of 89018964?
6
What is the units digit of 4171068389?
9
What is the ten millions digit of 48002946?
4
What is the ten thousands digit of 69094935?
9
What is the ten millions digit of 104307178?
0
What is the units digit of 191752846?
6
What is the hundreds digit of 54564697?
6
What is the ten thousands digit of 1252264?
5
What is the thousands digit of 316359573?
9
What is the ten millions digit of 63090306?
6
What 